 96682459?
True
Is 21579582 a multiple of 1046?
False
Does 533 divide 89396863?
False
Is 604 a factor of 83858152?
True
Is 511 a factor of 1822513471?
False
Does 467 divide 416420164?
True
Does 353 divide 83161981?
False
Is 17865784 a multiple of 96?
False
Is 37322014 a multiple of 6?
False
Is 33372457 a multiple of 40?
False
Is 4850 a factor of 319369263?
False
Is 107932365 a multiple of 10?
False
Does 67 divide 20267500?
True
Does 11858 divide 405875624?
True
Is 74312342 a multiple of 24?
False
Is 706580433 a multiple of 9?
True
Is 47007006 a multiple of 26?
False
Does 94 divide 576674192?
False
Is 45 a factor of 9106711?
False
Is 11235600 a multiple of 400?
True
Is 59 a factor of 2440122?
True
Does 642 divide 32533350?
True
Does 81 divide 143080668?
True
Is 551 a factor of 620821618?
True
Is 4 a factor of 212623676?
True
Is 19 a factor of 133946884?
True
Does 162 divide 1341334566?
True
Is 325 a factor of 25431900?
True
Is 410 a factor of 26619963?
False
Is 782727803 a multiple of 158?
False
Does 290 divide 82032880?
True
Is 1142337664 a multiple of 32?
True
Is 499 a factor of 3721824933?
True
Is 66 a factor of 26619361?
False
Is 130623072 a multiple of 60?
False
Is 685377109 a multiple of 185?
False
Is 1225 a factor of 134323851?
False
Is 2577050 a multiple of 37?
True
Is 93 a factor of 31950750?
False
Is 71 a factor of 73449713?
True
Is 16191958 a multiple of 40?
False
Is 14068270 a multiple of 8?
False
Is 3196458280 a multiple of 40?
True
Is 404 a factor of 42134776?
True
Does 49 divide 1763625675?
False
Is 57 a factor of 16605291?
False
Is 6735 a factor of 145449060?
True
Is 65283768 a multiple of 264?
True
Is 3856505248 a multiple of 6896?
True
Is 3830465312 a multiple of 43?
False
Does 383 divide 323251617?
True
Is 63 a factor of 21489867?
True
Is 35 a factor of 8478742?
False
Does 220 divide 33792433?
False
Is 63 a factor of 2361183678?
True
Does 164 divide 10221522?
False
Is 82360890 a multiple of 90?
True
Is 228052528 a multiple of 212?
False
Does 852 divide 44594532?
True
Is 102477951 a multiple of 81?
False
Is 727 a factor of 13714128?
True
Is 96 a factor of 30913588?
False
Is 9283895 a multiple of 305?
True
Does 342 divide 11927611?
False
Does 23 divide 26738043?
False
Is 161737712 a multiple of 149?
True
Is 11 a factor of 48199581?
False
Does 214 divide 127708352?
True
Is 5 a factor of 483797530?
True
Does 1044 divide 128391120?
True
Is 14 a factor of 3125658452?
True
Is 718737796 a multiple of 28?
True
Does 885 divide 1739430612?
False
Is 41 a factor of 29766984?
True
Is 23 a factor of 119043433?
False
Is 286 a factor of 3258970?
True
Is 861 a factor of 50010701?
False
Is 214365930 a multiple of 930?
True
Does 13604 divide 2432898548?
True
Is 29433534 a multiple of 39?
True
Is 2875 a factor of 1117417625?
True
Is 422090988 a multiple of 132?
True
Is 4401 a factor of 1878232374?
True
Does 8 divide 944451?
False
Is 19 a factor of 1379521961?
True
Is 13755412 a multiple of 11?
True
Is 233139780 a multiple of 132?
False
Is 7 a factor of 573174694?
False
Does 32 divide 13762912?
True
Does 1733 divide 122596106?
False
Is 50 a factor of 1141287600?
True
Does 1657 divide 468988995?
True
Does 72 divide 850047060?
False
Is 62 a factor of 100836484?
False
Does 755 divide 272600300?
True
Does 139 divide 489779010?
True
Is 90 a factor of 566293716?
False
Is 401 a factor of 1222107650?
True
Is 1212883955 a multiple of 10?
False
Is 379512835 a multiple of 94?
False
Does 7 divide 63364874?
False
Is 33680145 a multiple of 1485?
False
Is 1105810362 a multiple of 895?
False
Is 119394275 a multiple of 55?
True
Is 163 a factor of 4240528445?
False
Is 15597544 a multiple of 463?
True
Is 438 a factor of 90252090?
True
Is 171871911 a multiple of 816?
False
Is 627 a factor of 63263046?
True
Is 16 a factor of 388077499?
False
Does 1331 divide 12250804?
False
Is 3501 a factor of 325204389?
True
Does 4725 divide 124560450?
True
Is 10 a factor of 1404811920?
True
Is 55823720 a multiple of 2033?
False
Is 10482693 a multiple of 11?
False
Is 22 a factor of 3719797712?
False
Does 223 divide 251219875?
False
Is 28 a factor of 4360610?
False
Is 46274632 a multiple of 24?
False
Is 3122 a factor of 266194208?
True
Is 2393749562 a multiple of 7?
False
Is 264837363 a multiple of 7?
True
Is 11502611 a multiple of 248?
False
Does 8 divide 126756965?
False
Is 689219035 a multiple of 23?
True
Is 7 a factor of 3219755602?
True
Does 19 divide 564504668?
True
Is 6 a factor of 38289144?
True
Does 188 divide 8732976?
True
Is 494121400 a multiple of 200?
True
Is 10839 a factor of 944548385?
False
Is 1676591264 a multiple of 9984?
False
Is 18 a factor of 23836345?
False
Is 8935383 a multiple of 23?
False
Is 4 a factor of 23974332?
True
Does 24 divide 1195743576?
True
Is 30 a factor of 14558340?
True
Does 6 divide 360612858?
True
Is 584 a factor of 32418567?
False
Is 402369085 a multiple of 59?
True
Does 58 divide 32088206?
False
Is 1008 a factor of 187956203?
False
Is 8262045 a multiple of 159?
False
Is 139 a factor of 171438986?
True
Is 6 a factor of 50439254?
False
Does 3 divide 770892612?
True
Is 3360620835 a multiple of 55?
True
Is 3160200684 a multiple of 12?
True
Is 29454764 a multiple of 792?
False
Does 737 divide 397774377?
True
Does 6269 divide 1037516277?
False
Is 71532913 a multiple of 474?
False
Does 768 divide 528611838?
False
Is 179266349 even?
False
Is 213582656 a multiple of 14?
True
Is 11631144 a multiple of 56?
True
Is 818 a factor of 28557198?
True
Does 2541 divide 577066182?
True
Is 1958279348 a multiple of 91?
False
Is 122 a factor of 1061672182?
True
Does 154 divide 249108244?
True
Does 2133 divide 100549934?
False
Does 348 divide 3866020?
False
Is 76215386 a multiple of 13?
True
Is 35823911 a multiple of 57?
False
Is 48602046 a multiple of 73?
False
Is 203 a factor of 5895429575?
True
Is 83522 a multiple of 2?
True
Does 23 divide 18089109?
True
Is 12511674 a multiple of 218?
True
Does 647 divide 15551939?
True
Is 1828 a factor of 13803228?
True
Is 2977 a factor of 69696168?
False
Is 168 a factor of 26198162?
False
Is 1769 a factor of 251890591?
False
Is 15 a factor of 156083025?
True
Does 14 divide 18662798?
True
Is 44086656 a multiple of 12?
True
Is 1146 a factor of 1349386648?
False
Does 56 divide 33276517?
False
Is 99 a factor of 1648548?
True
Is 7241457 a multiple of 22?
False
Does 12 divide 47535901?
False
Is 17 a factor of 11077064?
True
Is 5 a factor of 20235246?
False
Is 571972680 a multiple of 60?
True
Is 21 a factor of 38145201?
False
Is 4 a factor of 2131032?
True
Does 4378 divide 230497322?
True
Is 5 a factor of 422164481?
False
Is 74568832 a multiple of 2624?
True
Is 4279616 a multiple of 22?
True
Is 573606789 a multiple of 399?
True
Is 551913910 a multiple of 347?
True
Is 7607 a factor of 2947103940?
True
Is 275 a factor of 470449375?
True
Is 5760 a factor of 1650706560?
True
Is 84743017 a multiple of 533?
False
Does 487 divide 49061510?
False
Is 804349913 a multiple of 7?
False
Is 725 a factor of 27190608?
False
Is 7984 a factor of 938469102?
False
Does 181 divide 233434392?
False
Does 104 divide 700023168?
True
Does 65 divide 3022881?
False
Does 1899 divide 400641216?
False
Does 24 divide 11046535?
False
Is 2001660 a multiple of 3?
True
Is 83 a factor of 37129469?
True
Is 227855229 a multiple of 18?
False
Is 37994063 a multiple of 1084?
False
Does 81 divide 12035466?
True
Is 39374115 a multiple of 15?
True
Is 13 a factor of 3898672356?
False
Is 31737387 a multiple of 33?
True
Is 14 a factor of 780033590?
True
Is 14 a factor of 7657435?
False
Is 270768879 a multiple of 16?
False
Is 172229312 a multiple of 622?
True
Is 2566 a factor of 212355344?
False
Is 3711 a factor of 429381255?
True
Is 76 a factor of 791682599?
False
Is 43503097 a multiple of 609?
False
Does 1477 divide 1765989820?
True
Is 8 a factor of 67772096?
True
Is 2529634016 a multiple of 9002?
True
Does 130 divide 7739420?
True
Is 1700079171 a multiple of 5132?
False
Does 120 divide 14417086?
False
Does 110 divide 834606489?
False
Does 23 divide 27316249?
True
Does 31 divide 1917706448?
False
Is 12 a factor of 6689520?
True
Is 56087154 a multiple of 6?
True
Is 5 a factor of 348499266?
False
Is 14285156 a multiple of 29?
False
Is 5 a factor of 1739434820?
True
Is 275075922